 What is the hundreds digit of x(2)?
1
What is the units digit of (-13)/13 - (-214 - -1)?
2
What is the hundreds digit of 152 - (5 + (-8)/4)?
1
Suppose 3*l = -l - 2*w + 10, 4*l + 4*w = 12. Let k(f) = -f + 1. Let d(c) = -9*c + 6. Let o(i) = -d(i) + 3*k(i). What is the units digit of o(l)?
9
What is the units digit of (5 + (-276)/(-6))*20/6?
0
Let j = 11 + -13. What is the units digit of (0 + 1)/(j/(-4))?
2
Suppose -3*h = -4*h + 4, -28 = 4*w - 4*h. Let s(n) = 2*n. Let o(f) = -11*f - 2. Let g(z) = 2*o(z) + 10*s(z). What is the units digit of g(w)?
2
Let f(i) = -i**3 - 5*i**2 - 2*i. Let v = -6 - -2. Let a be f(v). What is the units digit of a/10*15/(-1)?
2
Let s(j) = -2*j + 3*j**2 - 7*j**2 + 0*j - 3*j**3. Suppose 0 = -4*t + 2*t - 4. What is the tens digit of s(t)?
1
Suppose 11 = 4*g - 9, 0 = -2*u - 2*g + 64. What is the units digit of u?
7
Let o = 4 + 2. Let d(l) = l**2 + 4*l - 3. Let r be d(-5). Suppose g + o = r*g. What is the units digit of g?
6
What is the tens digit of 9/(-18)*-25*2 - -1?
2
Suppose -c + 3*p = -2*p - 37, -2*p - 58 = -4*c. Suppose c = 4*z - 2*z. Suppose z = -2*f + 16. What is the units digit of f?
5
Let o = -12 - -15. What is the units digit of o?
3
Let i = 131 + -55. What is the tens digit of i?
7
Suppose 4 = -2*j - 2*u - 0*u, -25 = 5*u. Suppose 8*t - 3*t = n + 21, -4*t + j*n = -8. What is the units digit of t?
5
Let n = 42 - 30. What is the units digit of n/42 - 5/(-7)?
1
Let l = 88 + -38. What is the tens digit of l?
5
Let c(r) = r**3 + 11*r**2 + 9*r - 13. Let v be c(-10). What is the tens digit of v + 6 + (19 - 2)?
2
Let q(x) = x**3 - 7*x**2 + 7*x. What is the units digit of q(7)?
9
Suppose 6 = -2*q, -3*v - 15 = -2*v + 5*q. Suppose -3*h + 9 = -v*h. What is the units digit of h?
3
Suppose 0*f = 4*f, 0 = -2*g + 4*f + 28. Let w be (-8)/(-3)*21/g. What is the units digit of 215/45 - w/(-18)?
5
Suppose 3*s - 188 = -5*f, f - 2*s = 13 + 22. What is the tens digit of f?
3
Let z = 4 + -5. Let u = z - -50. What is the units digit of u?
9
Suppose -5*z - 3*t = -1, -z - 3*t = -0*z + 7. Suppose 2*y + z + 0 = 0. Let p = 7 - y. What is the units digit of p?
8
Suppose 2*v - 75 = -3. Suppose -4*c = -0*c - v. What is the units digit of c?
9
Let y = 25 + 31. Suppose 5*p = -3*t + y, -t - p + 1 + 15 = 0. What is the tens digit of t?
1
Suppose -m + 22 = -5*v, 3*v = m - 11 - 3. Suppose -55 = -3*l - m*l. What is the tens digit of l?
1
Let h(q) = -3*q - 3. Let r(o) = o. Let f(a) = h(a) - r(a). What is the units digit of f(-2)?
5
Let k be (-38 - -2)*2/(-3). Suppose 21 = h - 5*m, 5*h + 4*m = 2*m + k. What is the units digit of 2 - ((0 - h) + 0)?
8
Let s(h) = 12*h**2 + 2*h + 3. What is the tens digit of s(-2)?
4
Let b(p) = p**3 + 3*p**2 + 2. Let g = 1 + -4. What is the units digit of b(g)?
2
Let d(r) = r**3 - 3*r**2 - 2*r - 7. What is the units digit of d(6)?
9
Let j(q) be the second derivative of q**5/20 - 5*q**4/12 - q**3 + 5*q**2/2 - 3*q. What is the units digit of j(6)?
5
Suppose 0 = -8*a + 3*a + 425. What is the tens digit of a?
8
Suppose 4*a = -4*r + 8, -2*r - 8 = -a + 3. Suppose -3*y - 10 = -a*y. What is the units digit of y?
5
Let f = 36 + -70. What is the units digit of 38/34 - (-4)/f?
1
Let x(z) = -z**3 - 8*z**2 - 9*z - 5. What is the units digit of x(-7)?
9
Suppose 1 = -4*v + 3*h, -h = 5*v - 0*h - 13. Suppose 4 = -5*z + v*i, -5*z - i = -5*i + 8. Suppose 3 = 3*o - z. What is the units digit of o?
1
Suppose 6*v - 3*v + 5*x - 232 = 0, -4*v - x + 281 = 0. What is the units digit of v?
9
Suppose -293 = -4*q - 2*o + 1111, q + 5*o = 360. What is the tens digit of q?
5
Suppose -3*m = 2*a + 3, -2 - 3 = -5*a - 5*m. What is the units digit of (a*-1)/3 - -47?
5
Let v(i) = 7*i**2 + i. Let x be v(-1). Let f be 1*(0 + 0 - 1). Let g = x + f. What is the units digit of g?
5
Let c be 3 - -1*4 - -2. Suppose -2*o = 2*i + i - 10, 0 = 3*o - 3*i. Let u = c - o. What is the units digit of u?
7
Let c(m) = -m**2 - 6*m + 1. Let j be c(-6). Let y(f) = -f**2 + 7*f - 2. Let s be y(5). Suppose n = s - j. What is the units digit of n?
7
Let a = 9 - 6. Suppose -d = a*d - 164. What is the units digit of d?
1
Let s be (-2 - 1)*(0 - 16). Suppose -p = -3*p + s. Suppose -5*x + 3*k - 8 = -p, 2*x - 5*k + 5 = 0. What is the units digit of x?
5
Let l = 67 + -21. What is the units digit of l?
6
Suppose 4*t - 16 = -0*t - 2*c, 4*c - 14 = t. Suppose 3*o + g - 66 = 4, 0 = o + t*g - 15. What is the tens digit of o?
2
Suppose 2*k - 15 = 4*n + n, 10 = 2*n. What is the tens digit of k?
2
What is the tens digit of (-3)/9 - 464/(-24)?
1
Let b be 13/(-2) - (-2)/(-4). Let y = 0 - b. What is the units digit of y?
7
Let t(b) = 12*b**2 + 0 + b + 3 - 3. Let k be t(-1). Suppose 2*q - k = 3. What is the units digit of q?
7
Suppose 0*z - 3*z = -15. Suppose z*q - 26 = 89. What is the tens digit of q?
2
Let w = 474 - 124. What is the hundreds digit of w?
3
Suppose -5*b = 1 - 31. Suppose b*u - 8*u + 42 = 0. What is the units digit of u?
1
What is the tens digit of -6 + 8 - (-86 + 0)?
8
Let v(k) = 6*k**2. Let h = 0 - -4. Suppose y + 4 = 5*l - 7, y - h*l = -9. What is the units digit of v(y)?
6
Suppose 2*i + 0*i = -5*r + 347, -i + 280 = 4*r. What is the tens digit of r?
7
Let f(p) = -p + 2. Suppose -k + 3*k = 0. Let s be f(k). Suppose -20 = -a + 2*c, 36 = s*a - 5*c - 8. What is the tens digit of a?
1
Let o be (-6)/(-10) + (-2)/(-5). Let d = -9 - -9. Let n = o - d. What is the units digit of n?
1
Let p(c) = -c**2 - 7*c - 7. Let x(j) = -2*j + 5. Let a be x(5). Let f be p(a). Suppose -2*k + 19 = -k - 4*w, 3 = -f*w. What is the tens digit of k?
1
Suppose 2*w = 2*h - w, 4*h - 5*w + 2 = 0. Let k = h - -12. What is the units digit of k?
9
Let i be (-10)/(-35) - (-4)/(-14). What is the tens digit of -35*((-9)/15 + i)?
2
Let x be ((-2)/(-2) - 2)*-4. Suppose -x*a = -0*a - 56. Let v = a + -8. What is the units digit of v?
6
Let r be -32 + (-2 - -4 - 1). Let p = r - -52. What is the units digit of p?
1
Suppose 5*q - r = 10, q - 3*r - 17 = -q. What is the units digit of ((-6)/8)/(q/(-8))?
6
Let a(f) = 3*f - 7. Let t be a(9). Let x = -7 + t. What is the tens digit of x?
1
Suppose 2*f = -2*f + 276. What is the units digit of f?
9
Suppose 30 = 5*b - 0. Suppose 0 = b*w - 3*w - 12. What is the units digit of w?
4
Let c = 2 - 0. Let w(q) = q - 2. Let r be w(5). What is the units digit of (10*3)/r - c?
8
Let x(u) = -9*u + 2. Let m(s) = -18*s + 3. Let b(q) = -3*m(q) + 5*x(q). Let o be b(1). What is the tens digit of -1 - -1 - (-1 - o)?
1
What is the tens digit of -6 - -9 - 73*(-2)/2?
7
Let v = 4 + -4. Let o be 1/(v - (-3)/21). Suppose 0 = -r + o + 1. What is the units digit of r?
8
Let f = 0 + 4. Let t(c) = -c**2 + 8*c - 6. Let s be t(f). What is the units digit of (-16)/s*(-15)/2?
2
Suppose 0*k + 935 = 5*x + k, -5*k = 4*x - 727. What is the hundreds digit of x?
1
Let f = 2 - -2. Suppose 0 = f*i - 108 + 24. What is the tens digit of i?
2
Let l = 36 + -33. Let n = 13 - 0. Suppose -3*r - 3*h + n = -r, h - l = 0. What is the units digit of r?
2
Suppose 0*o - 5*o = -25. Suppose -g + 0*g - 13 = -2*x, -5*g - 30 = -o*x. What is the units digit of x?
7
Let s = -3 + 4. What is the units digit of s?
1
Let f = 40 - -23. What is the tens digit of f?
6
Let q = 19 + -4. Suppose 5*i + 5*m + q = 0, -14 = 2*i - m + 1. What is the units digit of (-52)/i - 1/(-3)?
9
Let w = -7 + 1. What is the units digit of 6/w*(-11 + 0)?
1
Suppose -5*r - 4 = -14. Suppose 0 = -r*x + 3 + 7. Suppose x*f = -g + 43, 3*f - 12 = f - 3*g. What is the units digit of f?
9
Let r(o) = o + 6. Let i be r(4). Suppose 0 = x - i - 8. What is the tens digit of x?
1
Suppose -l - 2*h + 3*h = -118, 2*l - 5*h = 224. What is the tens digit of l?
2
Suppose -3*j + 14 = -y + 154, 3*y - 5*j = 436. What is the units digit of y?
2
Suppose -2*l + 4 = -6*l. Let m = 3 - 1. What is the units digit of (-9 + l)*(-3 + m)?
0
What is the units digit of (-2)/4 + 19/2?
9
Suppose 0 = -t - 4*z + 19, -5*t + z = -t - 8. Let s = t - 3. What is the units digit of s - (-1*2)/1?
2
Let m = 48 + -12. What is the tens digit of m?
3
Let w = 5 + -1. Suppose -47 = -w*f + 25. What is the units digit of f?
8
Let u(j) be the second derivative of j**4/12 + j**3/3 + j**2/2 + 3*j. What is the units digit of u(-4)?
9
What is the tens digit of (-11)/(-5) + -2 - 69/(-5)?
1
Let m(i) = -i**2 + 9*i + 4. Let h be m(9). Le